*k - 21 = -2*c + c, 5*c - y*k - 45 = 0. Suppose -6*n + c = -2*h - n, -3*h + 35 = n. List the prime factors of h.
2, 5
Let h = -6 - -6. Suppose h = -8*x + 5*x + 39. List the prime factors of x.
13
Suppose x = -x - 12. Let o = -19 + 10. List the prime factors of 12*x*2/o.
2
Let x = 16 + -14. Suppose -4*b + c + 9 = 2, -10 = -2*c. Suppose -x = -i + b. What are the prime factors of i?
5
Suppose 0 = -4*w - 2*m + 868, 0 = -3*w - 3*m + 8*m + 638. What are the prime factors of w?
2, 3
Let t(o) = -o - 5. Let u be t(-6). What are the prime factors of 2 + (u - -1) - -1?
5
Suppose 1698 + 300 = 18*m. What are the prime factors of m?
3, 37
Suppose 5*z - 5*w + 7 = -18, 4*w = -4*z + 12. List the prime factors of (-10 + 5)/(z/6).
2, 3, 5
List the prime factors of (-48)/(3*(-5)/10).
2
Let v = -33 + 48. Let x be 10/3*(-18)/v. Let t(i) = -i**2 - 8*i - 2. List the prime factors of t(x).
2, 7
Suppose 0*m - 5*m = -3*g - 260, 93 = 2*m + g. What are the prime factors of m?
7
Let y(f) be the third derivative of f**5/20 + f**4/8 - f**3/2 + f**2. List the prime factors of y(2).
3, 5
Let u = 111 - 63. Suppose -3*n = -4*k + 67, 3*k - u = -0*n + 3*n. List the prime factors of k.
19
Let d be (106/(-3))/(16/24). Let c = d - -97. List the prime factors of c.
2, 11
Let k(m) be the first derivative of -1 - 5/3*m**3 + 3/2*m**2 - 2*m + 1/4*m**4. List the prime factors of k(5).
13
Suppose q = -q + 8. Suppose 0*p + y + 2 = q*p, p - 10 = 5*y. Suppose 2*r - 5*r - b = -27, 5*b = p. List the prime factors of r.
3
Let s(c) = c**3 - 6*c**2 - 7*c + 5. Let n be s(7). Suppose -52 = n*x - 142. List the prime factors of x.
2, 3
Let x(a) = -a + 4. Let h be x(5). Let r = h - -14. List the prime factors of r.
13
Let a(s) = -s**3 + 7*s**2 + 7*s + 9. Let w be a(8). Let c = 3 + w. List the prime factors of c.
2
Let d = 9 - -3. What are the prime factors of d?
2, 3
Let o = 5 - 3. Let k be 2/((o/4)/(-1)). Let f = 8 + k. List the prime factors of f.
2
Suppose 2*l - 16 = 5*x, 0*l = -2*l + 3*x + 16. Let z(q) = q**3 - 7*q**2 - 5*q - 4. List the prime factors of z(l).
2, 5
Suppose 0 = -5*j + 3*j - 4*t + 16, -3*j - 26 = -4*t. List the prime factors of (-5)/j*32/10.
2
Let n(s) = -s**3 - 13*s**2 + 11*s - 16. Let x be n(-14). Let j = 45 + -25. Suppose w - x = 4*a, j = -3*a - a. What are the prime factors of w?
2, 3
Let s be 50*-1 - (-2 - 0). Let k be ((-1)/2)/((-4)/s). Let m = k - -11. What are the prime factors of m?
5
Suppose 7 = w + 3. Let j be (-98)/(-6) - w/(-6). What are the prime factors of j - 4/2 - -2?
17
Suppose 2*w + 2*w = 44. What are the prime factors of w?
11
Let i = 66 - 9. Let w(x) = -x**3 - 4*x**2 - 3*x + 3. Let d be w(-3). Suppose 6*g - d*g - i = 0. List the prime factors of g.
19
Suppose 177 = 4*p - 5*r, -3*p = 2*r - 4*r - 138. What are the prime factors of p?
2, 3
List the prime factors of (-102)/(-2) + (3 - 8).
2, 23
Let d(s) = -s**3 - 12*s**2 + 11*s - 5. Let y be d(-13). Suppose -y = -z + 21. What are the prime factors of z?
2, 3, 7
Let u = 275 + -213. What are the prime factors of u?
2, 31
List the prime factors of (185 + 1)*(-2)/(-4).
3, 31
Let z = 144 + -51. What are the prime factors of z?
3, 31
Let f(d) = -d + 2*d - 7 + 6. What are the prime factors of f(7)?
2, 3
Let y be (-1 - -1) + (2 - 1). Let d = 23 + -28. List the prime factors of d/(-1*(2 - y)).
5
Let t(z) = -4*z**3 + 3*z**2 + 8*z. Let f be t(-6). What are the prime factors of (2/(-6))/((-7)/f)?
2, 11
Suppose -w + 2*w = 13. List the prime factors of w.
13
Let y(u) = -u**2 - 10*u - 5. Let x(l) = -l**3 - l - 9. Let a be x(0). List the prime factors of y(a).
2
Suppose y - 6 = 2. Let g be (-27)/2*y/(-12). Let a(x) = x - 5. What are the prime factors of a(g)?
2
Suppose -4*n = -266 + 62. Suppose -131 + n = -5*v. List the prime factors of v.
2
Suppose 3*r = -5*v + r + 240, -v - 4*r = -48. List the prime factors of v.
2, 3
Suppose 0 = 2*o + m - 1, -2*o + 5*o = -3*m + 3. Suppose o = -5*r + 3*r. List the prime factors of 21 + (r - 0)/(-1).
3, 7
Suppose 2*i + 2 = 4. Suppose -2*q + 4*k = 2, 2*q - 7 = 2*k + i. What are the prime factors of q?
3
Let b = -125 - -286. List the prime factors of b.
7, 23
Suppose -5*v = -2*f + 28, 5*f + 5*v - 70 = -0*f. Suppose -3*q + 6 = 2*j + j, 2*j = 8. Let s = q + f. What are the prime factors of s?
2, 3
Let a(m) = m - 2 + 1 + 3 - 1. Let s be a(-6). Let c(w) = w**3 + 5*w**2 + 5. What are the prime factors of c(s)?
5
Let j be 0 + 1 + (-2 - -3). Suppose l - 18 = 6*t - 2*t, -2*l + 12 = -j*t. What are the prime factors of l?
2
Suppose -1988 = -15*h + h. List the prime factors of h.
2, 71
Suppose 3*l = -l + 268. What are the prime factors of l?
67
Let w(l) = -l**3 + l**2 + 5. Let d be w(0). Suppose d*u - 5*h - 20 = 0, -3*u + 0*u + 4*h = -10. Suppose -n - u = -3*n. List the prime factors of n.
3
Suppose -20 = -3*c + 2*u, 15 = -3*c + 6*c - 3*u. Suppose -4*l + 2 = -c. Suppose -8 - 4 = -l*j. List the prime factors of j.
2
Let o(p) = -p**3 + 14. Let v be o(0). Let r(w) = w**2 + 8*w + 10. Let m be r(-7). Suppose k + v = m*k. What are the prime factors of k?
7
Let y(a) = a**3 - 6*a**2 + 7*a - 6. Let c be y(4). Let w = -2 - c. What are the prime factors of w?
2
Let o(q) = q**2 - 10*q + 3. Let d be o(4). Let x = 32 + d. Let f = 22 - x. List the prime factors of f.
11
Suppose -j + 6*d + 119 = 2*d, -292 = -3*j - d. What are the prime factors of j?
3, 11
Let g = -324 + 618. What are the prime factors of g?
2, 3, 7
Let d(i) = -5*i**3 - 7*i + 7*i - 1. List the prime factors of d(-1).
2
Let j(l) = -l**2 + 10*l + 5. What are the prime factors of j(8)?
3, 7
Let h(g) = -15*g + 2. Let i be h(-5). Suppose -4*m = -j - i, 3*j = -j - 4. List the prime factors of m.
19
Suppose s - u = -3*u - 38, 4*u = 3*s + 164. Let n be s/(-21) - (-2)/(-7). Suppose -n*q - 20 = -6*q - 3*d, 2*q - 10 = -d. List the prime factors of q.
5
Let q(y) = -2*y**3 - y**2 - 5. What are the prime factors of q(-3)?
2, 5
Let o be (-3)/(-9) + 8942/(-6). List the prime factors of (-1)/(-5) + o/(-50).
2, 3, 5
Suppose -2*n - i - 103 = 0, n + 0*n + 29 = -5*i. Let j = -28 - n. What are the prime factors of j?
2, 13
Suppose 0 = 13*u - 9*u - 652. List the prime factors of u.
163
Let y = 6 - -3. What are the prime factors of -18*(-2 - (-15)/y)?
2, 3
Let o = -6 + 5. Let p = 2 - o. What are the prime factors of p?
3
Suppose 0 = 41*a - 42*a + 110. What are the prime factors of a?
2, 5, 11
Let l(h) = -3*h + 1. Suppose 5*j - 8 - 2 = 0. Let k be (-8)/j - (-6)/2. List the prime factors of l(k).
2
Let r(c) = c**3 + 8*c**2 + c + 11. Let q be r(-8). Let m be (4/6 - 1)*q. What are the prime factors of (0 + -23 - -3)*m?
2, 5
Let p(q) = 3*q**2 - 3*q + 14. List the prime factors of p(9).
2, 5, 23
Suppose q + 3*j + 7 = 0, -q + 4*q + 2*j + 7 = 0. Let k be q/(-1)*11/1. What are the prime factors of 156/k + (-6)/33?
2, 7
Let j be 0/7 + (0 - -7). Let k = -5 + j. What are the prime factors of k?
2
Let x be -1 + (29 - -1) + -2. Suppose -2 = w - 4. Suppose w*n - x = -n. List the prime factors of n.
3
Let a(f) = 9*f**2 - 2*f - 1. Let o be a(-1). Let d = o - 19. Let h(t) = t**2 + 8*t + 13. What are the prime factors of h(d)?
2, 11
Suppose 0*q - 2*q + 254 = 0. Suppose -4*x + q = 39. What are the prime factors of x?
2, 11
Suppose 3*t + 4*u - 114 = 0, -3*t + 38 = -2*t + 4*u. What are the prime factors of t?
2, 19
Suppose -34 = -4*g + 18. Let n = 23 - g. List the prime factors of n.
2, 5
Let l(t) = -4*t**3 - t**2 - 2*t - 1. Let a = 4 + -5. Let v be l(a). Let b(m) = -m**3 + 4*m**2 + 3*m - 3. What are the prime factors of b(v)?
3
Let h(g) be the first derivative of -g**2 + g + 3. What are the prime factors of h(-3)?
7
Suppose 11 = q - 58. What are the prime factors of q?
3, 23
Let u be (-187)/(-3) + (-8)/(-12). Suppose 4*h - 5 - u = 0. Suppose -4*m + h = 3*c, 10 = m - 6*c + c. What are the prime factors of m?
5
Suppose k = 9 - 2. Suppose 0 = -3*i + k*i + 4. Let g = 13 + i. List the prime factors of g.
2, 3
Suppose 3*d = y + 3*y + 12, -4 = -d + 2*y. Suppose -a + 24 = -d*p + 3*a, 5*p + 30 = -4*a. What are the prime factors of 8 + p/3 + 0?
2, 3
Let s = -115 - -164. What are the prime factors of s?
7
What are the prime factors of (3 + 17/(-2))/(2/(-36))?
3, 11
Let j = -636 + 921. List the prime factors of j.
3, 5, 19
List the prime factors of 5*1/((-15)/(-192)).
2
Let w(g) = g - 1. Let s(x) = 2*x - 9. Let y